101 - 100101?
10111010100010101000
In base 8, what is 5 + 220404?
220411
In base 15, what is 3e05 + 1?
3e06
In base 13, what is -9 - -5036c8?
5036bc
In base 3, what is -122 - -212222002112221?
212222002112022
In base 7, what is -6115020 + 22?
-6114665
In base 2, what is -101111 - 100010011011000101001?
-100010011011001011000
In base 3, what is -1220200201 - 200102012?
-2121002220
In base 4, what is -122 - -3232300201?
3232300013
In base 13, what is -104 - -c455?
c351
In base 2, what is 0 - 101101100100000101110010?
-101101100100000101110010
In base 10, what is 37693360 - 1?
37693359
In base 7, what is -15300142 + -24?
-15300166
In base 4, what is -3022033222 - -2?
-3022033220
In base 6, what is -310315 + -1242?
-312001
In base 15, what is 47b + 48ae?
4d3a
In base 4, what is 2012100032 + -321?
2012033111
In base 9, what is 2 + -67782618?
-67782616
In base 15, what is 1 - 2264470?
-226446e
In base 5, what is -101313133 + -32?
-101313220
In base 8, what is 2415034 + -5?
2415027
In base 7, what is 16243026256 - 3?
16243026253
In base 8, what is -10 - 2043602?
-2043612
In base 7, what is 4063032 + 143?
4063205
In base 3, what is -10210221 + -220010001?
-1000220222
In base 13, what is -78b + -b3?
-871
In base 10, what is -739 - -420?
-319
In base 14, what is 8320 + -910?
7810
In base 15, what is 35 - 46b8a?
-46b55
In base 12, what is 3 - -24043905?
24043908
In base 14, what is -91 + -3d4561?
-3d4612
In base 16, what is d + 1454e6?
1454f3
In base 2, what is -1000011100000010110 - -111?
-1000011100000001111
In base 3, what is -22011 - 10222002012?
-10222101100
In base 16, what is -256ed + -12f?
-2581c
In base 7, what is -1002010 - -10?
-1002000
In base 5, what is 40040313 - 114?
40040144
In base 10, what is 99 - -125772?
125871
In base 13, what is -b + -1a0a59?
-1a0a67
In base 3, what is -112211222221212 + 10210?
-112211222211002
In base 16, what is -721f + -50?
-726f
In base 16, what is -492 - 950?
-de2
In base 16, what is 847ef3 + 4?
847ef7
In base 11, what is -338a6973 - -3?
-338a6970
In base 3, what is -11000221020 + -120?
-11000221210
In base 8, what is -21745 + 352?
-21373
In base 14, what is 20bc - a437?
-8359
In base 16, what is -12 + -1402f0f?
-1402f21
In base 7, what is -1112 + -11334266?
-11335411
In base 13, what is a7205c - 77?
a71cb5
In base 16, what is -b7f5eef + -4?
-b7f5ef3
In base 3, what is -21 + -10011002210?
-10011010001
In base 5, what is -4201442 + -31234?
-4233231
In base 7, what is -101130242 - 105?
-101130350
In base 11, what is -47340 + 1771?
-4567a
In base 5, what is -2042 + -30404430?
-30412022
In base 14, what is 1d - -362401?
362420
In base 11, what is -73331 - -352?
-72a8a
In base 5, what is -14242024204 - -1?
-14242024203
In base 15, what is 10d0a04 - -23?
10d0a27
In base 3, what is -1201101120100202 + -10?
-1201101120100212
In base 3, what is 12021012220220 - -10212?
12021020001202
In base 8, what is 2 + -11254623?
-11254621
In base 8, what is -5600 - -30374?
22574
In base 10, what is -329 + -4234?
-4563
In base 7, what is -12636 - -335312?
322343
In base 16, what is -67fd1 - 1?
-67fd2
In base 4, what is 212022013120 + 200?
212022013320
In base 14, what is -d799a95 - -5?
-d799a90
In base 7, what is 10055 + 32665?
43053
In base 12, what is 130b3 - 67?
13048
In base 13, what is 1 - -15302369?
1530236a
In base 14, what is 1a19 + -609?
1410
In base 13, what is 179526 - -6?
17952c
In base 10, what is 1 + 428604?
428605
In base 16, what is 1326 - 1df?
1147
In base 15, what is 15653ba + 2?
15653bc
In base 3, what is -21110010 - -11220011220?
11121201210
In base 2, what is -11000000 - 11000010001001111?
-11000010100001111
In base 5, what is 404342 + -114123?
240214
In base 13, what is -938b7b41 - 3?
-938b7b44
In base 10, what is -20424 + 18563?
-1861
In base 16, what is -1d - 82f34?
-82f51
In base 9, what is 36348168 - -3?
36348172
In base 16, what is -b21ceed - 1?
-b21ceee
In base 16, what is -510 + -6184?
-6694
In base 13, what is 68998 + 1047?
69a12
In base 13, what is -35a66c649 - 5?
-35a66c651
In base 5, what is -11011004022 - -3?
-11011004014
In base 9, what is -1 + 222106332?
222106331
In base 3, what is 1120 - -11020010002201?
11020010011021
In base 15, what is 4 - -69710?
69714
In base 6, what is 1035410 + 1231?
1041041
In base 13, what is 4 - -4190c5?
4190c9
In base 14, what is 15a1640 + -13?
15a162b
In base 7, what is 1523322 + 164?
1523516
In base 10, what is 9 - 429290?
-429281
In base 14, what is 2a + 3896b?
38997
In base 11, what is -317105 + 3?
-317102
In base 9, what is 3315641 + 41?
3315682
In base 2, what is 111010011 - -10010111111000?
10011111001011
In base 12, what is -b - 169286?
-169295
In base 10, what is -2681371 - 32?
-2681403
In base 3, what is 1 + 210200210210002000?
210200210210002001
In base 4, what is -10201010230103 + 3?
-10201010230100
In base 8, what is -4202676 - 31?
-4202727
In base 9, what is -13 - 3637324?
-3637337
In base 3, what is 22112010010 - -202?
22112010212
In base 10, what is 0 - -2091704?
2091704
In base 12, what is 2 + 330a697?
330a699
In base 14, what is 20 + -202303?
-2022c3
In base 15, what is 25 - -59e393?
59e3b8
In base 9, what is 1045 + -30262?
-28216
In base 9, what is 76884404 + -15?
76884378
In base 9, what is 205557258 + -2?
205557256
In base 14, what is 26c41c6 - -9?
26c41d1
In base 3, what is 211212 - 10100210121?
-10022221202
In base 14, what is 147 - 2c1bdb?
-2c1a94
In base 12, what is 3 + 25601957?
2560195a
In base 2, what is 10111110011010100 + 110?
10111110011011010
In base 7, what is 313305661 - -5?
313305666
In base 2, what is 101100011011011100 - 11101010?
101100010111110010
In base 5, what is 120 - 102203040441?
-102203040321
In base 16, what is -1 - 70b187f?
-70b1880
In base 10, what is -3 - -19475481?
19475478
In base 3, what is -210222212001 + -1020200?
-211001002201
In base 15, what is 877e + 32c?
8aab
In base 3, what is 11002022100 + -200221?
11001121102
In base 9, what is 157226 - -457?
157684
In base 7, what is -5 - -2114052?
2114044
In base 4, what is -232220001102 + 212?
-232220000230
In base 8, what is -11 - -350177354?
350177343
In base 9, what is 174 - -15007424?
15007608
In base 11, what is 143 + 13398?
13530
In base 3, what is -121201020022 - 122?
-121201020221
In base 2, what is 100000100110 - 10111111101110?
-10011111001000
In base 4, what is 0 - -230230301132?
230230301132
In base 2, what is -110111011101010110000001 - 100?
-110111011101010110000101
In base 11, what is 3a + -30a991?
-30a952
In base 16, what is -2 + -499bdd?
-499bdf
In base 5, what is 21443 + -12340?
4103
In base 7, what is -54110 + -345?
-54455
In base 14, what is 373 - 145?
22c
In base 13, what is 11116c + 564?
111703
In base 13, what is 179c - -1847?
3316
In base 8, what is -105545 + -1412?
-107157
In base 13, what is 62ab267 - -6?
62ab270
In base 11, what is 3799aa7 + 5?
379a001
In base 8, what is 3 + 65151?
65154
In base 10, what is 19685 + 11506?
31191
In base 14, what is -437ca9c + -1b?
-437cab9
In base 14, what is -4 - 1825a006?
-1825a00a
In base 5, what is -1 + 1034112100?
1034112044
In base 4, what is -2000302 - -333?
-1333303
In base 3, what is -1200222102 - -11200110?
-1112021222
In base 4, what is -21212023020 - 3?
-21212023023
In base 3, what is -111 - 10011111222021?
-10011111222202
In base 4, what is -11102131123 - 103?
-11102131232
In base 5, what is 4 + 11241321222?
11241321231
In base 9, what is 21257 - -1627?
22885
In base 14, what is 1bd09 - 2859?
19490
In base 13, what is -7aa48 + -1377?
-7c0c2
In base 14, what is 18d50 + -123b?
17b13
In base 10, what is 59 + 2886759?
2886818
In base 4, what is 32012302230020 + -3?
32012302230011
In base 10, what is 94115 + 30?
94145
In base 9, what is 24223111 + -4?
24223106
In base 7, what is 346 + -164016?
-163340
In base 12, what is 12886 + 4138?
16a02
In base 2, what is 111001100010101010000001001 - -1?
111001100010101010000001010
In base 12, what is 0 + 3856614?
3856614
In base 6, what is 340244150 - -2?
340244152
In base 5, what is 104300110432 + 0?
104300110432
In base 7, what is 56606 + 426?
60335
In base 11, what is -493 + a26593?
a26100
In base 3, what is -220221011000 + 201?
-220221010022
In base 3, what is 11011002222210100 - -12?
11011002222210112
In base 3, what is 210021020200220 - -10?
21002102020